**5/40 + 3*b**4/4 - 13*b. Let l(j) be the third derivative of f(j). Give l(6).
3
Let f(x) = -13*x**2 - 9*x - 37. Let v(k) = 7*k**2 + 4*k + 19. Let h(l) = 6*f(l) + 11*v(l). Let d be -1*1*(-16 + 25). Calculate h(d).
-4
Let c(z) = z**2 + 8*z - 12. Suppose 65*m - v = 60*m - 40, -4*m - 5*v = 32. Determine c(m).
-12
Let w(m) = m**3 + 7*m**2 - 5*m + 9. Let a(x) = 7*x**3 - 9*x**2 - 12*x - 4. Let j be a(-1). What is w(j)?
-15
Let d(b) be the first derivative of -1/2*b**3 - 6*b - 3*b**2 - 10. Let x(t) be the first derivative of d(t). Determine x(-5).
9
Let r(g) be the first derivative of -g**4/4 - g**3 + 5*g**2/2 + 6*g - 1. Let l = -13 + -28. Let z = l - -37. What is r(z)?
2
Let w(b) be the first derivative of b**6/360 - b**5/20 + 5*b**4/24 - 5*b**3/3 + 20. Let x(y) be the third derivative of w(y). Calculate x(4).
-3
Let b be 5/(-2)*66/(-55). Suppose 0*a - a = 4*w - 23, 0 = -2*a - 5*w + 31. Let o(r) = -1 + 9*r**3 + a*r + 3*r**2 - 5*r**3 + 2*r**3 - 7*r**3. Determine o(b).
8
Let z(t) = t + 7. Let q = 324 - 319. What is z(q)?
12
Let x(f) = -f**3 - 12 + 7995*f + 12*f**2 - 7994*f - 8. Calculate x(12).
-8
Let a(g) = -33*g + 11. Let q(x) = -41*x + 11. Let n(o) = -5*a(o) + 4*q(o). What is n(8)?
-3
Let t(f) = -24*f - 1. Suppose -210 = -4*j - 3*a, -a + 5*a + 170 = 3*j. Suppose -5*l = 59 - j. Determine t(l).
23
Let j(t) = 12*t**2 + 2*t + 1. Let r(n) = n**3 + 6*n**2 + 5*n - 7. Let u be r(-5). Let p(h) = -3*h - 22. Let q be p(u). Determine j(q).
11
Suppose -2*x = -2*z - 10, -5*x + z + 5 = -40. Let h be 1/5 + (-52)/x. Let a(s) be the first derivative of s**2/2 - 3*s - 4. Calculate a(h).
-8
Let g = -26 + 20. Let w = g - 9. Let h(j) = -j - 20. Let t be h(w). Let n(v) = -3*v - 7. What is n(t)?
8
Suppose 0 = -2*d + o + 4, 3 = -d + 5*o - 4. Suppose -6 = d*h, 3*c + h - 13 = 3*h. Suppose 2*f - 3*f - 2*i - 1 = 0, 3 = c*i. Let z(p) = -2*p - 1. What is z(f)?
5
Let c(d) = -d**3 + 2*d**2 - 1. Let j be c(-1). Let r = -21 + 22. Let w(b) = b - 8 + 4 + r + 1. What is w(j)?
0
Let d(y) be the second derivative of y**4/12 + 5*y**3/6 - 3*y**2/2 + 7*y - 4. Give d(-3).
-9
Let r(n) = n**2 + 5*n + 2. Suppose 0 = -3*x + 2 + 10. Suppose -x*t - 39 = 5*c, -5*t + 10 - 52 = 4*c. Give r(t).
8
Let c = -37 - -34. Let q(x) = -3*x**2 - 3*x - 4. Give q(c).
-22
Let w(v) = 3*v**3 + 2*v**2 - 4*v + 2. Let m(p) = 4*p**3 + 2*p**2 - 5*p + 2. Let h(s) = 2*m(s) - 3*w(s). Calculate h(-3).
1
Let z be (57/9 - 3) + (-12)/9. Let d(n) = -7*n + 0*n + 0*n**2 + n**2 - z*n**2. Determine d(-5).
10
Let l(v) = -1 + 0 + v**2 + v**3 + 6*v**2 - 3*v - 2*v**2. Let p be (0 + (-2)/4)*12. Give l(p).
-19
Let n(w) be the third derivative of w**5/30 + w**4/24 + w**3/6 + 5*w**2. Suppose -3*k - k = 56. Let z = 13 + k. Calculate n(z).
2
Let k(o) = -3*o + 3. Let c(u) = -u**2 + u. Suppose -2 = -9*p + 7*p. Let b(d) = p*c(d) - k(d). Determine b(4).
-3
Let i = -10 - -15. Let q(x) = 0*x - 76 + x**2 + 142 - 71 - 3*x. Calculate q(i).
5
Let d(u) = -2 - 155*u - 152*u - 152*u - 151*u + 592*u. What is d(-1)?
16
Let h be (2/2)/(-12 - (-286)/22). Let y(t) = -3*t - 3. Calculate y(h).
-6
Let h(j) be the second derivative of 2/3*j**3 + 4*j + 0 + 5/12*j**4 - 1/20*j**5 + 5/2*j**2. Let d(l) = l. Let u be d(6). Give h(u).
-7
Let f(y) = -311*y + 23. Let b(h) = -113*h + 9. Let q(i) = -11*b(i) + 4*f(i). Let o(r) = r**2 - 7*r - 5. Let g be o(6). What is q(g)?
4
Let d(k) = 4*k**3 - 7*k**2 - 2*k - 2. Let c(a) = a**3 - a**2. Let h(p) = 5*c(p) - d(p). Let v = 5 + -7. Give h(v).
-2
Let v(n) = -3*n**3 - 8*n**2 - n. Let x(z) = -5*z**3 - 7*z**2 - z + 2. Let d(m) = -m**3 + 1. Let k(a) = 3*d(a) - x(a). Let s(i) = 4*k(i) + 3*v(i). What is s(5)?
-16
Let x(s) = 46*s - 2905. Let y be x(63). Let g(i) = 6*i + 7. Let c(u) = 5*u + 8. Let r(z) = 5*c(z) - 4*g(z). Give r(y).
5
Let v(l) = l**2 - 8*l + 1. Let x be v(7). Let y(r) = 6*r**2 + 3*r**3 + 2*r - 6*r - 5 + 0*r**3 - 2*r**3 + 3*r. Calculate y(x).
1
Let p(n) = 3*n + 2 - 94*n**2 - 93*n**2 + 199*n**2. Calculate p(-1).
11
Let i = 4 - 4. Suppose i = -5*t + 1 - 26. Let k(s) be the third derivative of -s**6/120 - s**5/12 - s**4/24 + s**3/6 - s**2. Calculate k(t).
6
Let r(o) = o**2 + 2*o + 2*o**3 - o**3 + 10 - 9 + 4*o**2. Let k be (-4)/14 - 104/28. Give r(k).
9
Let l(v) = -v**2 + v. Let n(c) = 2*c**2 - c + 5. Let m be 4 - (-4 + 1 - -4). Let b(j) = m*l(j) + n(j). What is b(6)?
-19
Let o(w) = 2*w**2 - 7*w + 32. Let y(x) = x**2 - 3*x + 17. Let u(l) = -6*o(l) + 11*y(l). Calculate u(11).
-27
Let w(a) = -a**3 + 6*a**2 + 9*a. Let h be w(7). Let c = 15 - h. Let d(l) = -6*l + 5. Let n(q) = q. Let g(j) = c*d(j) + 5*n(j). Calculate g(4).
1
Let m be 2 - (-3 - (4 + -9)). Suppose -3*x + 6 = -m. Let i(o) = 2*o + 2. Determine i(x).
6
Let w = 298 + -299. Let g(v) = -12*v**2 - v. What is g(w)?
-11
Let u(g) = 3*g - 35. Suppose 5*v = 1554 - 1519. Give u(v).
-14
Let o = 50 - 53. Let k(u) = -7*u - 5. Let l(y) = -9*y - 6. Let g(s) = o*l(s) + 4*k(s). Calculate g(5).
-7
Let b(u) = -7 - 7 - 8 + 7*u + 21 + 28*u. Give b(1).
34
Let v(f) be the first derivative of f**3/3 - 4*f**2 + 8*f - 1. Let u = -730 - -737. Determine v(u).
1
Let l(p) = 7*p**2 - 7*p - 6. Let m(i) = -21*i**2 + 20*i + 17. Let y be ((-30)/25)/((-2)/(-10)). Let k(x) = y*m(x) - 17*l(x). Determine k(-1).
8
Let k(z) = -9*z + 1. Suppose v - 7 = -10*d + 7*d, 5*v - 13 = -4*d. Give k(v).
-8
Let p(m) = -27*m + 38. Let x(l) = 5*l - 8. Let c(y) = -2*p(y) - 11*x(y). Give c(5).
7
Let y(x) be the second derivative of -x**4/6 + x**3/6 + x**2 - 3*x. Let q(m) be the first derivative of m**2 - 32*m - 2. Let a be q(17). Determine y(a).
-4
Let a(w) be the third derivative of -7/24*w**4 + 7/6*w**3 - 1/15*w**5 + 0*w + 0 - 6*w**2 + 1/120*w**6. Determine a(5).
-3
Suppose 0 = 2*b + f - 12, -f + 9 = b - 2*f. Let v(q) = -b*q**2 + 8 - 4 + 0*q**3 + 7*q + 4 + q**3. Determine v(6).
14
Let w = 103 - 73. Let d be (w - 27)*(0 - 1). Let u(q) be the third derivative of q**5/60 + q**4/12 + q**3/6 - q**2. Give u(d).
4
Suppose 4*q = -q - 25, -2*w - 3 = 3*q. Let i(k) = k + k + w - 1. Calculate i(-5).
-5
Let q(d) = -6*d**2 - 5*d + 12. Let z(j) = 5*j**2 + 6*j - 11. Let k(u) = -4*q(u) - 5*z(u). Let x(h) be the first derivative of k(h). What is x(-7)?
4
Let h(s) = s**2 - 2*s - 1. Let p(a) = -a + 1. Let z(t) = -5*t**2 + 10*t + 2. Let k(m) = p(m) + z(m). Let d(g) = 9*h(g) + 2*k(g). Let r = 62 + -62. What is d(r)?
-3
Let p(s) = -s**3 + s - 4. Suppose -2*v - 9*v = 18*v. Calculate p(v).
-4
Suppose -f + 3*z = -0*f - 11, 2*f = 4*z + 18. Let x(g) = 4*g + 4. Determine x(f).
24
Let o(u) = 3*u - 49 + 35 + 0*u. Let k be o(3). Let h(m) = -m**3 - 6*m**2 - 4*m - 7. Give h(k).
-12
Let z(w) be the second derivative of 2*w**2 + 1/6*w**3 + 1/4*w**4 + 0 - 1/20*w**5 + 2*w. Suppose 4*v - 3*a - 10 = 0, 12 = 4*v + 3*a - 10. Determine z(v).
-8
Let c = 26 + -5. Let l be (-6)/(-21) - (-15)/c. Let y(r) = 18*r**3 + r - 1. Calculate y(l).
18
Suppose 0*z - 2*z + 10 = 0. Suppose -2*c + 7 = -1. Let m(f) = f**2 - 11*f + 4 + c*f + f + f. Determine m(z).
4
Suppose -u - u = -6. Suppose -2*m = -5*x - 1 + 23, -u*m = -2*x + 11. Let l(j) = -j + 3. What is l(x)?
-1
Let l(h) be the second derivative of -h**7/630 - h**6/720 + h**5/120 + 3*h**4/4 - 30*h. Let o(i) be the third derivative of l(i). Give o(1).
-4
Let a(p) = 3*p + 72. Let s be a(-23). Let q(d) = d**2 - d - 4. Determine q(s).
2
Let o(s) be the third derivative of s**6/120 + s**5/12 + 5*s**4/24 + s**3 - 2*s**2. Let b = 20 + -13. Suppose -3*f = 5 + b. Determine o(f).
2
Let m = 12 + -10. Suppose -f - m = -3. Let g(d) = 7*d + 7*d + f - 2*d - 5*d. Calculate g(1).
8
Suppose -2*k + 16*u = 11*u - 5, 5*k + 2*u = -2. Let t(x) be the first derivative of x**2 + 1/4*x**4 - 3 - x + k*x**3. What is t(2)?
11
Let q(x) = x**3 + 7*x**2 + 8*x. Let p = -13 - -35. Suppose -z + 2 = 0, 5*t = t - 3*z + p. Suppose -2*g - 27 = -3*f, -g = -0*g - t*f + 26. What is q(g)?
-12
Let b(y) = -y**3 + 9*y**2 + 4*y + 1. Let r be b(7). Let p(g) = 0*g + g - 3*g**2 - g**3 + r - 123. Calculate p(-3).
1
Let s(g) = 11*g + 1. Let b(n) = 5*n - 4. Let t be 3 + -2 + 3 + 0. Let u(x) = -6*x + 3. Let j(a) = t*b(a) + 5*u(a). Let h(w) = 4*j(w) + 3*s(w). What is h(1)?
-8
Let n(a) = a**3 - 8*a**2 + 5*a + 8. Let b(r) = 9*r - 2. Let d(g) = -9*g + 2. Let m(p) = 7*b(p) + 6*d(p). Let u be m(1). What is n(u)?
-6
Let m(o) = -o**3 + 3*o**2 - o - 3. Let p(x) = x**3 - 3*x**2 - 24*x - 2